1 = -b + 2*b. Let i(g) = g**2 - 6*g - 6. Let a(c) = b*i(c) + 6*r(c). What is a(-1)?
1
Let r(n) = -n**3 + 3*n**2 - 3*n + 1. Let g be 7/1*12/4. Suppose 4*u - u = g. Let s = u + -5. Give r(s).
-1
Let w(a) be the third derivative of -1/24*a**4 + 0 + 0*a + 1/3*a**3 - a**2. Calculate w(-4).
6
Let o(k) = -k + 3 - k**2 - k - 2*k. Give o(-5).
-2
Let y(z) = 5*z**2 + 8*z - 11. Let a(t) = 3*t - 1 + 0 - 5 + 2 + 2*t**2. Let s(q) = 11*a(q) - 4*y(q). Suppose -x + 1 = -2*x. Calculate s(x).
1
Let f(s) = 3*s**3 + 4*s + 1. Let h(t) = t**3 + t - 1. Let b(z) = -f(z) + 4*h(z). What is b(0)?
-5
Suppose 5*g = -6 - 4. Suppose 3*v = -4*c + 23, 5*v = c + 6 + 17. Let t(o) = 0*o - 2 - 4*o**2 + 0*o**3 - 3*o - c*o**3. Determine t(g).
4
Let x(s) = -s - 6. Suppose -3*k = -0*k. What is x(k)?
-6
Let t(c) = -6*c**3 - 2*c**2 + 7*c - 3. Let v(j) = 5*j**3 + 2*j**2 - 6*j + 3. Let d(a) = 4*t(a) + 5*v(a). Determine d(-3).
0
Let p(q) be the first derivative of q**3/3 + q**2/2 + q - 4. Determine p(2).
7
Let u(y) be the second derivative of -y**5/20 + 5*y**4/12 - y**3/6 - y**2 - 6*y. Give u(5).
-7
Let u(l) = l**3 + 5*l**2 + 2*l + 2. Let j = 7 + -12. What is u(j)?
-8
Let x(k) = 4*k + 7. Let m(z) = -7*z - 14. Let y(t) = -3*m(t) - 5*x(t). Calculate y(0).
7
Let b(j) = j**3 - j**2 - 2*j**3 + 0*j**3 - 2. Let o = 8 + -5. Suppose f = o*f. Determine b(f).
-2
Let f be (-18)/(-3)*1/1. Let i = f - 6. Let x(m) = 2*m - 4*m + 3*m + i*m. What is x(-4)?
-4
Let s(u) = -2*u**3 - u**2 - u + 1. Suppose -6 = -4*l + 2*l. Suppose -b + l*b = 6. Suppose -7*h + 4*h = -b. Calculate s(h).
-3
Let f = -12 + 7. Let q(y) = -y + 14. Let p be q(9). Let g(t) = -p*t - 1 + 3*t**2 - t**3 - 3 - 9*t**2. Determine g(f).
-4
Let j be 16*(3/6 + 0). Let x(z) = z**2 - 1. Let y(o) = 3*o**2 - 4. Let c(i) = j*x(i) - 3*y(i). Calculate c(3).
-5
Let w(f) = 3*f**2 + 3*f + 2. Let a(y) = 12*y**2 + 13*y + 7. Let v(u) = -2*a(u) + 9*w(u). Let z(r) be the first derivative of v(r). Give z(-2).
-11
Let b(s) = -2*s - 4. Let l be (-3)/6 + (-10)/(-4). Suppose l*z - 7*z = 15. Determine b(z).
2
Let v(g) be the second derivative of -g**6/120 + g**5/60 - g**4/24 - 5*g**3/3 - 5*g**2/2 + 9*g. Let w(x) be the first derivative of v(x). What is w(0)?
-10
Let o be 1 + (4/(-2) - -3). Let d(q) = 5 - o*q + 0 - 2 - q. Let i = 7 + -4. Calculate d(i).
-6
Let k(s) = -s - 3. Let z be k(-2). Let c(g) = g**3 - g**2 - 2*g - 1. Calculate c(z).
-1
Suppose 0*d = -5*d - 5. Let w = d - -5. Let l(o) = -w + 5 - 2 - 2*o**2 + 3*o. Calculate l(3).
-10
Suppose -q + m - 15 = 3*m, -3*q = -m + 10. Let h(a) = -a**2 - 4*a + 3. What is h(q)?
-2
Let p = 2 - -1. Suppose -j - 2*j + 10 = 5*i, 2*j - 5 = -p*i. Suppose 2*u - 3*l + 0*l + 2 = 0, -2 = -i*u + 4*l. Let b(f) = -f**2 - 3*f + 3. Determine b(u).
-7
Let z(l) = 12*l**2 + 3*l - 11*l**2 + 0*l. Let h(u) = -u**3 - 5*u**2 - 3. Let q be h(-5). Determine z(q).
0
Let z(m) = -3*m**2 - 7*m. Let c(w) = -4*w**2 - 7*w - 1. Let u(r) = -2*c(r) + 3*z(r). Determine u(-6).
8
Let o(t) be the first derivative of t**2 - t + 23. Give o(-1).
-3
Let c be (54/(-4))/(1/2). Let q be (-6)/c + 38/(-9). Let m(f) = 9*f**2 - 6*f - 8. Let a(d) = -5*d**2 + 3*d + 4. Let j(z) = 11*a(z) + 6*m(z). Give j(q).
-8
Let b(m) = -9*m. Let g be b(-1). Let h(r) = -r + 4. Let q be h(g). Let o(c) be the first derivative of c**2/2 + 11*c - 1. Determine o(q).
6
Let q(z) = -z + 1. Let n(m) = -m**2 - 10*m + 3. Let a(h) = -n(h) + 4*q(h). Determine a(-3).
-8
Let j(h) = -h + 1. Let a be j(-4). Suppose -5*m = -2*m. Let g(c) = -5*c - 4 - c**3 + 1 + 6*c**2 + m. Give g(a).
-3
Let x(o) be the first derivative of -o**6/120 + o**5/12 - o**4/12 + o**3 + 2*o**2 + 3. Let m(b) be the second derivative of x(b). Give m(5).
-4
Let n(g) be the third derivative of g**4/12 - g**3/2 - 9*g**2 + 6*g. Suppose -3*a + 4*a + 3 = 0. Calculate n(a).
-9
Let t(w) be the second derivative of -w**7/840 - w**6/360 - w**5/120 - 7*w**4/24 - w**3/3 + w. Let s(c) be the second derivative of t(c). Determine s(0).
-7
Let l be 108/24 - (-2)/4. Let g(o) = -3*o + 4. What is g(l)?
-11
Let l(i) = -i**2 + 5*i - 4. Let t be l(3). Let h(u) = -3*u**2 + 5*u + 1 + u**2 + 0*u + 3*u**t. Suppose -3*b - 22 = 2*q, -2*q - 5 = -5*q + 5*b. Give h(q).
1
Let k(u) be the second derivative of -u**3/3 + 3*u**2/2 - 66*u. Let f(j) = j**2 + j + 1. Let c be f(-2). Determine k(c).
-3
Let r(k) = k**3 - 4*k**2 - 5*k + 6. Let h(u) be the third derivative of -u**4/24 + 5*u**3/2 - 2*u**2. Let w be h(12). Suppose w*g = 8 + 7. Give r(g).
6
Let d(i) be the second derivative of -4*i**4/3 + i**2/2 - 64*i. Calculate d(1).
-15
Let f(v) = -3*v + 0*v - 2 + 2*v. Let m(h) = h + 9. Let i be m(-7). Determine f(i).
-4
Let h be (48/(-2))/(-4) - 4. Let r(k) = -2*k**2 + 2*k - 3. Give r(h).
-7
Suppose -z - 9 + 30 = -5*t, 4*t + 24 = 2*z. Let v(n) = -n**3 + 6 - 1 - 5*n**2 - z - 4*n. Give v(-4).
-1
Let j(c) = -3*c**3 + 2*c**2 - 1. Let m = 10 - 12. Let v be (-9)/6*m/3. Give j(v).
-2
Let c(x) = -x**2 + 9*x + 15. Let t be c(10). Suppose -t*i - 28 = -2*s, -4 = 2*i - 2*s + 3*s. Let k(u) = -3*u - 6. Calculate k(i).
6
Let d(w) = w - 13. Let v be 0/(2/(-1) - -1). Give d(v).
-13
Let i(k) be the second derivative of -k**5/20 + k**4/3 + k**3/6 - 3*k**2/2 + 8*k. What is i(4)?
1
Let f(k) be the first derivative of k**3/3 + 7*k**2/2 - 35. Give f(-6).
-6
Let v(m) be the third derivative of -1/6*m**4 + 0 + 0*m + 1/60*m**5 - m**3 + 3*m**2. Determine v(5).
-1
Let n(h) = -5*h - 34. Let k(u) = -14*u - 94. Let x(f) = -4*k(f) + 11*n(f). Let r be (1 - (1 + -1))*-3. What is x(r)?
-1
Let c(g) = -7*g**2 + g. Let v = 18 - 19. Calculate c(v).
-8
Let c(m) = 7 - 2*m - 15 + 4*m. Suppose 10 = 5*a - 6*d + d, 4*a - 44 = -5*d. What is c(a)?
4
Suppose w + c = 4*w - 12, 3*w - 12 = -4*c. Let x = -3 + 5. Let g(f) = -3 + 3*f**x + 3 - 2 - 2*f**2 - 2*f. Calculate g(w).
6
Let w(a) = -13*a + 7. Let o(m) = -4*m - 2. Let z(x) = 4*x + 3. Let y(v) = -5*o(v) - 4*z(v). Let j(h) = 2*w(h) + 7*y(h). What is j(-5)?
-10
Let s(c) = -2*c**2 - 11*c - 4. Let u be s(-5). Let r(o) = -o**3 + 1. Determine r(u).
0
Let a(b) be the first derivative of b**2/2 - 7*b + 10. Determine a(-5).
-12
Let z(w) = -w**3 - 2*w**2 + 2*w - 1. Suppose 1 = -4*m - q - 7, -2*m - 4*q + 10 = 0. Calculate z(m).
2
Let r(k) be the second derivative of -k**8/6720 + k**7/504 + 7*k**6/720 - 3*k**5/40 - k**4/2 + 3*k. Let q(z) be the third derivative of r(z). Determine q(6).
-3
Let z = -58 + 57. Let o(k) = 4*k**2 + k. What is o(z)?
3
Let d(w) = 3*w - 2. Let g(v) = -4*v + 2. Let h(i) = -6*d(i) - 4*g(i). Give h(5).
-6
Let q(h) be the third derivative of -h**6/60 + h**5/30 + h**4/24 - 5*h**2. Calculate q(2).
-6
Let k(x) be the third derivative of -x**4/24 - x**2. Let p be k(-3). Let q = -3 + p. Let t(u) = u**3 - 2. Calculate t(q).
-2
Let u(j) = 22*j**2 - j - 36*j**2 + 13*j**2 - 4. What is u(-3)?
-10
Let t(j) = j**2 - 4*j - 3. Suppose 0 = -u - u + 8. Let b(s) = 1. Let k(f) = u*b(f) + t(f). Determine k(4).
1
Let z(l) be the second derivative of -l**3/6 - l**2 - 17*l. Suppose 6*q = 2*q + 4*h + 16, -5*h = 0. What is z(q)?
-6
Suppose 0*g = g + 3, -2*r + 23 = -3*g. Let d = r - 11. Let f(h) be the first derivative of -h**4/4 - 5*h**3/3 - 3*h**2 - 3*h + 4. What is f(d)?
5
Let v = -19 - -38. Suppose -4*y + 7 = 4*n + v, 3*n + 4*y + 14 = 0. Let z(o) be the third derivative of o**6/60 - o**5/20 + o**3/3 + 11*o**2. Give z(n).
6
Let a(y) = 5*y + 2. Let b(o) = -5*o - 1. Let w(d) = 2*a(d) + 3*b(d). Calculate w(-1).
6
Let j(p) = p**2 + p + 2. Suppose 5*s - 10 = -0. Suppose -9 = 5*n - s*n. Calculate j(n).
8
Let n(r) = -3*r + 1 + 6 + 2*r. Calculate n(5).
2
Let i = 1 - 1. Let t(g) be the third derivative of g**6/120 - g**4/24 + 4*g**3/3 - 2*g**2. Calculate t(i).
8
Let j(x) = 2*x + x - 5*x**2 + 1 + 0*x + 7*x**2. Let z be 4/(-1 + 3) - 0. Let p(b) = b**2 - 2*b - 2. Let w be p(z). What is j(w)?
3
Let g(z) = -2*z**3 + 7*z**2 + 9*z + 9. Let w(i) = 5*i**3 - 14*i**2 - 19*i - 18. Let c(d) = -7*g(d) - 3*w(d). Calculate c(-6).
-9
Suppose 0 = -12*h - 4*h + 32. Let z(p) be the second derivative of -1/2*p**h - 2*p**3 + 0 - p. Determine z(-1).
11
Suppose -7 = 2*i + 1. Let f(w) = -5*w - 6. Determine f(i).
14
Let f be -2 + 12 + -7 + (-12)/2. Let o(u) = u**2 - 5*u - 4. Determine o(f).
20
Suppose 2*p + q - 25 = -0*p, -4*p - q + 55 = 0. Let y(x) = -x**3 + 14*x**2 + 15*x + 4. Calculate y(p).
4
Let q be (-1)/((-2)/10)*